ose 3*p = 4*m - 782, 2*m + 1 = j. Is (p/3)/((-8)/12) composite?
False
Is (29/(435/(-60)))/(4/(-378947)) prime?
False
Suppose -100694 = -l + 15*p, -12175 = l + p - 112821. Is l a prime number?
True
Let u(j) = j + 12. Let p be u(-10). Suppose w = p*f - w - 10, -16 = -2*f + 5*w. Is 236/2 - 1*(0 + f) a prime number?
False
Let r = 466146 - 89411. Is r a composite number?
True
Let c be (3/(-2))/(5 + 44/(-8)). Suppose -w - s + 20038 = 0, 0 = -2*w - c*w + 5*s + 100160. Suppose -n - w = -6*n. Is n prime?
True
Let v be (-2844)/(-6) + 3/(-3)*-3. Suppose 750 + v = -3*h. Let s = 911 + h. Is s composite?
True
Let g(x) = -252569*x - 1555. Is g(-4) composite?
True
Suppose -32*o - 23092 = 22956. Let f = 2538 - o. Is f composite?
True
Is (24789/(-24))/((-46)/368) a composite number?
False
Let m(x) = -851*x**3 + 19*x**2 + 10*x - 11. Is m(-5) prime?
False
Suppose 0 = -4*h + 12*h - 16. Is (h/(-6))/((-108704)/15528 + 7) a prime number?
True
Let a(c) = 86*c + 7. Suppose -9*s + 26 = 4*s. Is a(s) a prime number?
True
Suppose 15*d + 5*y - 25 = 20*d, 5 = y. Suppose 2*j - 5*o - 799 = d, -3*j + 2*o + 711 = -482. Is j a composite number?
False
Let o be 20499*30/225 + (-4)/(-5). Suppose 13*f - 2193 - o = 0. Is f prime?
True
Let v(t) = -2060*t + 853. Is v(-35) composite?
False
Let u(h) = 2657*h - 417. Is u(7) prime?
False
Suppose 3*g + 2*g - 3720 = -5*v, -4*v + 2*g + 2970 = 0. Is v a composite number?
False
Let d be (-2)/(-17) - 8/68. Suppose d = -8*x + 640 + 4056. Is x composite?
False
Is 0 + 724224/66 + (-2)/22 a prime number?
True
Suppose 4*n + 60 = -6*n. Is 1 - ((-4554)/n)/(-3) prime?
False
Suppose 5*y = 3*d + 70964, 7*y + 5*d = 5*y + 28367. Is y a composite number?
True
Let a(l) = -l**2 + 6*l + 19. Let n be a(8). Suppose -5*x + n*x = -5684. Suppose -10544 - x = -6*b. Is b composite?
True
Let p = -40027 - -108426. Is p prime?
True
Is (1678523/(-33))/(98/(-462)) a prime number?
False
Let u(o) = -6786*o - 681. Is u(-5) composite?
True
Suppose 4*c - p + 12 = 0, 2*c - 15 = 7*c - 4*p. Let g be (c/5)/(-1*(-1)/(-5)). Let x(n) = 33*n**2 - 3*n + 7. Is x(g) composite?
True
Suppose -9*a + 5 = -5*k - 38, -a = k + 3. Let q be 2/5 - 466/(-10). Let c = a + q. Is c a prime number?
False
Let f be (8/6)/((-2)/(-33)). Let h be -2*(-395)/110 + (-4)/f. Suppose -5018 = -6*d - h*d. Is d prime?
False
Suppose 2*s + 8 = -8. Let a be (5 + 43/(-8))*s. Suppose -5*l + 2*g + 5545 = 0, 2*l - 782 = -a*g + 1436. Is l a composite number?
False
Let q(h) = 66*h**3 - 7*h**2 + 17. Is q(6) a prime number?
False
Let w = 4891 - 2008. Let c = 3031 + w. Is c a composite number?
True
Suppose -2*v + 758674 = -5*a - 124737, 3*v - 2*a - 1325133 = 0. Is v composite?
False
Let k(g) be the second derivative of -4*g**3 - 7*g**2 + 2*g - 97. Let v be -8*(0 - -1)/1. Is k(v) prime?
False
Let l = -44 - -32. Let a be (l + 16)*-1*(0 - -1). Let o(m) = -299*m + 15. Is o(a) prime?
False
Let n(p) = 2531*p**3 - 10 - 3*p + p + 13 - p. Is n(1) a composite number?
False
Let b = 5875002 + -3492857. Is b prime?
False
Suppose 0 = 2*b - 2*k - 498342, 700417 = 3*b + 4*k - 47110. Is b prime?
False
Let j(i) = 2*i + 2. Let m(d) = 3*d + 5. Let w(n) = -5*j(n) + 3*m(n). Let k be w(10). Let g(r) = -8*r**3 + 6*r**2 - 6*r - 9. Is g(k) composite?
False
Suppose -k + 15 = -2*q, -15 = -5*k - 0*k - 2*q. Suppose -5*t - 5902 = -4*h + h, 9812 = k*h + 4*t. Is 1/((5896/h - 2) + -1) a composite number?
False
Let g(v) = 32211*v + 825. Is g(4) composite?
True
Let j = -1272 + 2498. Suppose 58376 = -j*d + 1234*d. Is d composite?
False
Suppose -6*m = -3797 - 1711. Suppose -4*d = -2*l + m + 412, -4*d = -3*l + 1997. Is l composite?
True
Suppose d = g + 7, 0 = -18*d + 22*d - 8. Let y(c) = -1247*c + 402. Is y(g) a prime number?
True
Let n(y) be the third derivative of 7*y**6/60 + y**5/60 - 3*y**4/4 - 5*y**3/2 - 68*y**2 + 3. Is n(8) composite?
True
Suppose -4*l - 231220 = -14*l. Suppose -20*y = l - 128342. Is y prime?
True
Suppose 13209 = -9*l + 54114. Let s = -1468 - -3234. Let a = l - s. Is a prime?
False
Let s be 60043 + (5 - 6) + -4 + 1. Suppose 18*t - s = 9*t. Is t a prime number?
False
Let b(y) = y**3 + 21*y**2 + 7*y - 6. Let o(s) be the first derivative of 3*s**4/4 + 4*s**3/3 + 2*s**2 - s - 15. Let x be o(-2). Is b(x) prime?
True
Let c(i) = 2 - 241*i + 9 + 13 + 3. Let h be c(10). Let s = -1614 - h. Is s prime?
True
Suppose -47552801 = -251*i + 79013196. Is i composite?
False
Let i(j) = -j. Let x(f) = -825*f - 20. Let m(y) = -4*i(y) + x(y). Let p(s) = -s + 1. Let r(w) = m(w) - 3*p(w). Is r(-12) prime?
False
Suppose -135 = -111*z + 102*z. Suppose -290632 = -z*a + 37433. Is a prime?
True
Suppose -9137297 = 582*y - 595*y. Is y a composite number?
False
Is -2*((-8)/16)/((-3)/(-347379))*1 prime?
True
Suppose 0 = 2*v - v - 19. Let z be (-1*(-4 - 1/1) - -1) + 102. Let r = z - v. Is r composite?
False
Is (7 - (-6838220)/30)/(3*(-2)/(-18)) a composite number?
False
Let t(s) = 22*s**2 - 4*s + 27. Let h(x) = -11*x**2 + 2*x - 13. Let y(l) = -5*h(l) - 2*t(l). Let b be (-12)/(-15)*(-120 - -110). Is y(b) a prime number?
False
Let y(x) = 11*x**3 - x**2 - x - 24. Let h(c) = -c**2 + c + 1. Let k(z) = 5*h(z) + y(z). Is k(6) a prime number?
False
Suppose 3 - 22 = -o. Suppose -16*g + o*g = 435. Suppose 53 = -4*s + g. Is s a prime number?
True
Let h = -159 + 159. Let v(x) = x**2 - x + 3067. Is v(h) composite?
False
Let p = -1844385 - -3769678. Is p composite?
False
Is 169*1207 + 20*9/18 composite?
True
Suppose 5*r - 66432 = -4*i, 736*i - 735*i + 2*r = 16611. Is i a prime number?
True
Let r(d) = 87*d**3 - 4*d**2 + 96*d + 14. Is r(9) composite?
False
Let x = 13572 - 10298. Is x a composite number?
True
Let q = -23948 - -50101. Is q a composite number?
False
Let t = 386809 - 266336. Is t prime?
True
Let d(v) be the second derivative of 263*v**4/12 - 5*v**3 - 7*v**2/2 - 60*v. Is d(-5) composite?
True
Is (-2 + 2 + 2)/((-132)/(-47900094)) prime?
False
Let d(y) = 450*y**2 + y - 8. Let r(i) = -i**3 - 10*i**2 - 10*i - 1. Let g be r(-8). Let w = -46 - g. Is d(w) a composite number?
True
Let d be 4*(4394/(-8))/1. Let s = -250 + d. Let b = -1188 - s. Is b composite?
False
Suppose -4*g + 538 - 2556 = -5*r, 2*r + 5*g = 794. Suppose r - 3668 = -4*z + 2*s, -5*z - 5*s = -4105. Is z prime?
False
Let b = 14 + -4. Suppose -9*q - 5 = -b*q. Suppose -3249 = -q*y + 406. Is y composite?
True
Let c be (14 - 11)*(-4)/(-3). Suppose -2*f = -2, r - 589 = 2*f - c*f. Is r a prime number?
True
Suppose 56 + 133 = -7*c. Let a be (-4)/(-3) + (-18)/c. Suppose -3*u + 4*n = -0*n - 4019, 0 = -4*u + a*n + 5352. Is u a prime number?
False
Is 4*374/(-176)*(0 + -1954) composite?
True
Let c(z) = -z**3 + 28*z**2 - 25*z - 553. Is c(-21) a composite number?
True
Is 48544 - (-4 - 26/(-26)) a prime number?
False
Let s = -2 + 16. Suppose -s - 6 = 4*y. Let m(u) = 85*u**2 - 7*u - 1. Is m(y) a composite number?
True
Let d = -949 + 958. Let j(g) = 73*g - 383. Is j(d) composite?
True
Let d = 542 + -540. Suppose -9 = -d*k - 3, z + 3*k - 340 = 0. Is z composite?
False
Suppose -10908 = -9*j + 6*j. Suppose j = 5*m - 56099. Is m a prime number?
False
Let t be 21375/((-4)/4) + -2. Let n = 34422 + t. Suppose 23*f - 18*f = n. Is f prime?
True
Let j(a) be the third derivative of -3677*a**4/24 - a**3 + 64*a**2 + 1. Is j(-1) prime?
True
Suppose -33*b + 342598 - 91 = 0. Is b a composite number?
True
Suppose 4*b + 32 = -x - b, 0 = -3*x - 4*b - 85. Let m = x + 27. Let s(w) = 3*w + 623. Is s(m) a prime number?
False
Suppose 149244 + 81319 = p + 5*v, -p = -v - 230539. Is p prime?
False
Let y(j) be the second derivative of -23*j**4/12 - 11*j**3/6 + 19*j**2/2 + 25*j. Let k be y(7). Let o = 142 - k. Is o composite?
False
Let w = 2142 - 348. Let g = 3713 - w. Is g a composite number?
True
Suppose 16 = -4*b, -2*c + 3*b - 10 = b. Let i(m) = -22*m**2 - 11*m - 27. Let h(a) = 15*a**2 + 7*a + 19. Let y(s) = -7*h(s) - 5*i(s). Is y(c) prime?
True
Let h = 25419 + -17957. Let p = -4829 + h. Is p a prime number?
True
Suppose 0 = -48*f + 9*f + 1529229. Is f a composite number?
True
Is (-3 + (-69614)/(-6))/(40/60) a composite number?
True
Let w be -6*3 - (1 - -2). Let f be ((-2)/(-3))/((-2)/w). Suppose 5*b = 0, -3*b - 1055 = -5*n - f*b. Is n a prime number?
True
Let o(g) = 4*g - 9. Let w be o(3). Suppose -w*k + 361 = -5*b, 4*k = -3*b - 368 + 888. Is k a prime number?
T